ctors of 496.
2, 31
What are the prime factors of 4460?
2, 5, 223
List the prime factors of 17755.
5, 53, 67
List the prime factors of 999.
3, 37
List the prime factors of 4053.
3, 7, 193
List the prime factors of 7317.
3, 271
List the prime factors of 9760.
2, 5, 61
List the prime factors of 24096.
2, 3, 251
List the prime factors of 14229.
3, 17, 31
List the prime factors of 1338.
2, 3, 223
What are the prime factors of 2842?
2, 7, 29
What are the prime factors of 418?
2, 11, 19
List the prime factors of 2590.
2, 5, 7, 37
List the prime factors of 8346.
2, 3, 13, 107
What are the prime factors of 1964?
2, 491
List the prime factors of 13882.
2, 11, 631
What are the prime factors of 12373?
12373
What are the prime factors of 778?
2, 389
List the prime factors of 1630.
2, 5, 163
What are the prime factors of 7769?
17, 457
List the prime factors of 3856.
2, 241
What are the prime factors of 714?
2, 3, 7, 17
What are the prime factors of 1035?
3, 5, 23
What are the prime factors of 67981?
157, 433
What are the prime factors of 505?
5, 101
What are the prime factors of 2642?
2, 1321
List the prime factors of 2409.
3, 11, 73
What are the prime factors of 19786?
2, 13, 761
List the prime factors of 88.
2, 11
What are the prime factors of 2204?
2, 19, 29
What are the prime factors of 749?
7, 107
What are the prime factors of 44191?
7, 59, 107
What are the prime factors of 14704?
2, 919
List the prime factors of 107858.
2, 199, 271
What are the prime factors of 123265?
5, 89, 277
List the prime factors of 488.
2, 61
What are the prime factors of 3258?
2, 3, 181
What are the prime factors of 3789?
3, 421
What are the prime factors of 4113?
3, 457
What are the prime factors of 607?
607
What are the prime factors of 2417?
2417
What are the prime factors of 946?
2, 11, 43
List the prime factors of 2275.
5, 7, 13
List the prime factors of 12482.
2, 79
What are the prime factors of 7664?
2, 479
List the prime factors of 893.
19, 47
List the prime factors of 11647.
19, 613
List the prime factors of 88210.
2, 5, 8821
What are the prime factors of 2651?
11, 241
What are the prime factors of 1443?
3, 13, 37
List the prime factors of 1405.
5, 281
What are the prime factors of 19752?
2, 3, 823
List the prime factors of 901.
17, 53
List the prime factors of 7533.
3, 31
What are the prime factors of 51560?
2, 5, 1289
List the prime factors of 2430.
2, 3, 5
What are the prime factors of 20737?
89, 233
What are the prime factors of 10440?
2, 3, 5, 29
What are the prime factors of 3256?
2, 11, 37
What are the prime factors of 160578?
2, 3, 11, 811
List the prime factors of 738.
2, 3, 41
List the prime factors of 2219.
7, 317
List the prime factors of 687.
3, 229
What are the prime factors of 8608?
2, 269
What are the prime factors of 21622?
2, 19, 569
What are the prime factors of 3183?
3, 1061
What are the prime factors of 60596?
2, 15149
What are the prime factors of 14520?
2, 3, 5, 11
List the prime factors of 33537.
3, 7, 1597
List the prime factors of 1490.
2, 5, 149
List the prime factors of 2864.
2, 179
What are the prime factors of 18865?
5, 7, 11
What are the prime factors of 3880?
2, 5, 97
What are the prime factors of 53139?
3, 17713
List the prime factors of 120530.
2, 5, 17, 709
List the prime factors of 6971.
6971
What are the prime factors of 383?
383
What are the prime factors of 13456?
2, 29
What are the prime factors of 346?
2, 173
List the prime factors of 160721.
11, 19, 769
List the prime factors of 13820.
2, 5, 691
What are the prime factors of 444?
2, 3, 37
List the prime factors of 2823.
3, 941
What are the prime factors of 44355?
3, 5, 2957
What are the prime factors of 1025?
5, 41
List the prime factors of 15497.
15497
List the prime factors of 404.
2, 101
What are the prime factors of 11217?
3, 3739
List the prime factors of 5639.
5639
List the prime factors of 1508.
2, 13, 29
What are the prime factors of 49353?
3, 16451
What are the prime factors of 7258?
2, 19, 191
What are the prime factors of 3462?
2, 3, 577
List the prime factors of 769.
769
What are the prime factors of 6121?
6121
What are the prime factors of 8916?
2, 3, 743
List the prime factors of 253.
11, 23
What are the prime factors of 13615?
5, 7, 389
List the prime factors of 57513.
3, 19, 1009
What are the prime factors of 3171?
3, 7, 151
What are the prime factors of 97?
97
List the prime factors of 45412.
2, 11353
List the prime factors of 854.
2, 7, 61
What are the prime factors of 95656?
2, 11, 1087
List the prime factors of 19944.
2, 3, 277
List the prime factors of 30340.
2, 5, 37, 41
List the prime factors of 5280.
2, 3, 5, 11
List the prime factors of 3043.
17, 179
List the prime factors of 10604.
2, 11, 241
List the prime factors of 15291.
3, 1699
List the prime factors of 1016.
2, 127
What are the prime factors of 14827?
14827
List the prime factors of 482.
2, 241
What are the prime factors of 6199?
6199
List the prime factors of 153924.
2, 3, 101, 127
List the prime factors of 9323.
9323
What are the prime factors of 2874?
2, 3, 479
List the prime factors of 1272.
2, 3, 53
List the prime factors of 21269.
21269
What are the prime factors of 10913?
7, 1559
List the prime factors of 7092.
2, 3, 197
List the prime factors of 1504.
2, 47
What are the prime factors of 49592?
2, 6199
What are the prime factors of 127515?
3, 5, 8501
What are the prime factors of 1474?
2, 11, 67
List the prime factors of 55694.
2, 27847
List the prime factors of 90.
2, 3, 5
What are the prime factors of 1594?
2, 797
What are the prime factors of 27438?
2, 3, 17, 269
What are the prime factors of 81256?
2, 7, 1451
What are the prime factors of 14046?
2, 3, 2341
List the prime factors of 2120.
2, 5, 53
What are the prime factors of 23487?
3, 7829
List the prime factors of 11283.
3, 3761
What are the prime factors of 5403?
3, 1801
What are the prime factors of 5954?
2, 13, 229
List the prime factors of 17576.
2, 13
What are the prime factors of 8933?
8933
List the prime factors of 251.
251
What are the prime factors of 632?
2, 79
List the prime factors of 77605.
5, 11, 17, 83
What are the prime factors of 56928?
2, 3, 593
What are the prime factors of 1153?
1153
List the prime factors of 41363.
7, 19, 311
List the prime factors of 4587.
3, 11, 139
What are the prime factors of 936?
2, 3, 13
List the prime factors of 16416.
2, 3, 19
What are the prime factors of 1589?
7, 227
List the prime factors of 115379.
11, 17, 617
What are the prime factors of 55130?
2, 5, 37, 149
What are the prime factors of 26727?
3, 59, 151
List the prime factors of 3605.
5, 7, 103
List the prime factors of 5034.
2, 3, 839
What are the prime factors of 5058?
2, 3, 281
What are the prime factors of 25116?
2, 3, 7, 13, 23
List the prime factors of 25930.
2, 5, 2593
What are the prime factors of 64700?
2, 5, 647
What are the prime factors of 5156?
2, 1289
List the prime factors of 9561.
3, 3187
What are the prime factors of 3258?
2, 3, 181
What are the prime factors of 18821?
11, 29, 59
List the prime factors of 76568.
2, 17, 563
List the prime factors of 36404.
2, 19, 479
List the prime factors of 658.
2, 7, 47
What are the prime factors of 6007?
6007
What are the prime factors of 7082?
2, 3541
What are the prime factors of 140168?
2, 7, 2503
List the prime factors of 4262.
2, 2131
What are the prime factors of 12119?
12119
List the prime factors of 62271.
3, 11, 17, 37
List the prime factors of 11663.
107, 109
What are the prime factors of 829?
829
List the prime factors of 49306.
2, 89, 277
What are the prime factors of 30544?
2, 23, 83
What are the prime factors of 9722?
2, 4861
List the prime factors of 7839.
3, 13, 67
What are the prime factors of 4906?
2, 11, 223
What are the prime factors of 1642?
2, 821
What are the prime factors of 2294?
2, 31, 37
What are the prime factors of 2427?
3, 809
List the prime factors of 265.
5, 53
List the prime factors of 9148.
2, 2287
List the prime factors of 88580.
2, 5, 43, 103
What are the prime factors of 3696?
2, 3, 7, 11
List the prime factors of 18717.
3, 17, 367
What are the prime factors of 7486?
2, 19, 197
List the prime factors of 1639.
11, 149
What are the prime factors of 3213?
3, 7, 17
What are the prime factors of 23262?
2, 3, 3877
What are the prime factor